 15.
-3be
111221011 (base 3) to base 16
27ac
Convert 1212012 (base 3) to base 10.
1355
-130011 (base 5) to base 15
-173b
Convert -11121 (base 5) to base 3.
-1002010
6739 (base 10) to base 4
1221103
-a4b (base 14) to base 5
-31102
Convert 2391 (base 10) to base 13.
111c
-132400 (base 6) to base 13
-5757
28153 (base 9) to base 3
222011210
Convert 334 (base 12) to base 6.
2104
-5 (base 9) to base 8
-5
Convert 657 (base 8) to base 13.
272
434315 (base 6) to base 7
206612
50b (base 12) to base 10
731
What is 652 (base 15) in base 16?
593
17977 (base 13) to base 3
2022111101
Convert 20122020 (base 3) to base 14.
1a99
-2454 (base 9) to base 8
-3447
What is -113305 (base 6) in base 12?
-5835
What is e11 (base 15) in base 12?
19ba
What is -263043 (base 8) in base 11?
-62979
-54626 (base 10) to base 16
-d562
5a2 (base 11) to base 5
10332
What is -4549 (base 15) in base 6?
-152010
-284a (base 12) to base 8
-11072
1110201120 (base 3) to base 15
88a9
What is e8d8 (base 15) in base 8?
140145
15011 (base 7) to base 3
12122202
Convert 1000000100011 (base 2) to base 13.
1b5a
-567 (base 14) to base 3
-1110200
7519 (base 11) to base 2
10011011010110
What is -165 (base 12) in base 5?
-1341
What is -a361 (base 12) in base 11?
-123a9
9a6 (base 11) to base 14
621
1012303 (base 4) to base 7
16132
Convert 3440400 (base 5) to base 10.
61975
-473 (base 9) to base 8
-606
What is 203a8 (base 13) in base 12?
2951b
What is -2005 (base 8) in base 12?
-719
Convert -2423 (base 5) to base 4.
-11223
What is 1123000 (base 4) in base 7?
22660
Convert 43466 (base 7) to base 16.
2a7d
23 (base 10) to base 7
32
-56488 (base 9) to base 14
-d9a7
Convert -10001 (base 6) to base 3.
-1210001
Convert 50698 (base 10) to base 9.
76481
2571 (base 11) to base 5
101340
What is 404312 (base 5) in base 10?
13082
Convert 2330 (base 5) to base 2.
101010100
fe (base 16) to base 12
192
-2204 (base 11) to base 12
-1824
Convert -11233 (base 5) to base 6.
-3442
Convert -16553 (base 8) to base 13.
-3574
What is -1114441 (base 5) in base 3?
-1000102121
42311 (base 5) to base 9
3785
-1668 (base 12) to base 10
-2672
Convert 126 (base 16) to base 7.
600
What is 11102120 (base 4) in base 12?
10648
1167 (base 8) to base 4
21313
11111011110 (base 2) to base 8
3736
-102001 (base 3) to base 6
-1214
-696 (base 10) to base 14
-37a
-3005 (base 7) to base 14
-53c
2013112 (base 4) to base 16
21d6
Convert 2110100 (base 5) to base 11.
24351
Convert -2145 (base 9) to base 7.
-4415
-833 (base 9) to base 8
-1246
What is -8d64 (base 14) in base 9?
-36650
10011111 (base 2) to base 9
186
Convert b97 (base 12) to base 8.
3243
Convert -101100101 (base 2) to base 14.
-1b7
-130 (base 8) to base 16
-58
9a3e (base 15) to base 8
77654
Convert -25 (base 7) to base 14.
-15
What is 1145a (base 11) in base 13?
769b
7221 (base 10) to base 2
1110000110101
-9a7b (base 15) to base 11
-22665
What is -449 (base 12) in base 9?
-773
What is 2012021 (base 3) in base 6?
11224
Convert -10a10 (base 13) to base 14.
-b05a
-4135 (base 9) to base 16
-bd5
What is 1031310 (base 4) in base 5?
124410
7b2 (base 12) to base 11
949
-452 (base 7) to base 9
-278
What is 29796 (base 12) in base 9?
87676
Convert 1101011010101 (base 2) to base 6.
51445
-ce (base 16) to base 2
-11001110
What is -1b52 (base 12) in base 14?
-1330
What is 111000000 (base 2) in base 10?
448
-119b (base 12) to base 13
-ba2
What is -474 (base 10) in base 7?
-1245
-b29a (base 15) to base 9
-56661
2c6 (base 15) to base 10
636
Convert -181a (base 15) to base 3.
-21010121
30234 (base 5) to base 3
2200000
Convert -1d2 (base 15) to base 6.
-1542
Convert -39a (base 11) to base 13.
-2a4
726 (base 11) to base 14
467
38 (base 9) to base 8
43
Convert 240762 (base 8) to base 3.
11012001112
Convert -a9c (base 16) to base 8.
-5234
-134 (base 9) to base 12
-94
What is 331103 (base 4) in base 2?
111101010011
Convert 3676 (base 10) to base 13.
189a
What is -214420 (base 5) in base 12?
-43b9
327 (base 10) to base 9
403
What is -22220 (base 3) in base 11?
-1a9
2035 (base 6) to base 15
205
What is -8e86 (base 15) in base 11?
-20824
What is 3563 (base 8) in base 6?
12455
What is 878 (base 9) in base 16?
2cf
Convert 921 (base 11) to base 14.
596
What is 10232 (base 5) in base 7?
2006
What is 4c1 (base 14) in base 10?
953
1079 (base 10) to base 3
1110222
-4b4 (base 13) to base 11
-689
What is 1010000000 (base 2) in base 8?
1200
-22222221 (base 3) to base 6
-50211
3453 (base 6) to base 4
30321
What is -1922 (base 10) in base 4?
-132002
-1011222 (base 3) to base 10
-863
What is -19a8 (base 12) in base 9?
-4282
Convert 11011111001 (base 2) to base 3.
2110010
789 (base 16) to base 12
1149
What is 11240 (base 5) in base 14?
428
104441 (base 5) to base 15
119b
Convert 2172 (base 8) to base 2.
10001111010
Convert -747 (base 10) to base 5.
-10442
Convert -612 (base 7) to base 15.
-153
1218 (base 15) to base 9
5245
Convert 7751 (base 8) to base 5.
112243
Convert -200110 (base 3) to base 11.
-413
Convert -2100110 (base 3) to base 7.
-4665
What is -92 (base 14) in base 11?
-107
Convert -22a (base 11) to base 3.
-101011
Convert 2700 (base 9) to base 6.
13213
123360 (base 7) to base 4
11210223
Convert 2003 (base 6) to base 11.
366
What is 2020013 (base 4) in base 2?
10001000000111
110101101001110 (base 2) to base 5
1334340
Convert -10002211222 (base 3) to base 8.
-167307
14132 (base 6) to base 5
32331
What is -162 (base 13) in base 11?
-207
212413 (base 5) to base 16
1c41
Convert -18184 (base 10) to base 8.
-43410
-61406 (base 7) to base 15
-466b
What is 239 (base 11) in base 6?
1152
Convert 2687 (base 10) to base 14.
d9d
-7357 (base 9) to base 5
-133043
What is -1123 (base 9) in base 13?
-4bc
Convert 1624 (base 9) to base 13.
742
What is -42323 (base 5) in base 6?
-21050
What is -379 (base 10) in base 2?
-101111011
Convert 891 (base 16) to base 14.
b29
-958 (base 15) to base 2
-100000111100
-4733 (base 9) to base 10
-3513
Convert 944 (base 11) to base 13.
696
Convert 103411 (base 6) to base 3.
102202121
2010001 (base 3) to base 15
6ca
-16451 (base 10) to base 15
-4d1b
-1691a (base 12) to base 6
-410034
What is -5a53 (base 16) in base 12?
-1146b
Convert -100600 (base 7) to base 11.
-11937
54cd (base 16) to base 3
1002210001
What is -693 (base 11) in base 2?
-1100111100
What is -16580 (base 10) in base 15?
-4da5
Convert -8188 (base 9) to base 15.
-1b98
Convert 41b7 (base 12) to base 3.
100212111
What is -14d (base 15) in base 7?
-604
Convert -6463 (base 9) to base 10.
-4755
Convert 5141 (base 8) to base 3.
10122102
439 (base 11) to base 14
298
-149 (base 13) to base 2
-11100110
5c9e (base 15) to base 9
30045
Convert 2474 (base 15) to base 7.
31423
-101 (base 2) to base 11
-5
-1000012 (base 3) to base 5
-10414
Convert -a61 (base 14) to base 11.
-159a
What is -3287 (base 9) in base 3?
-10022221
Convert 389 (base 13) to base 8.
1154
Convert 787 (base 9) to base 13.
3a9
1545 (base 6) to base 12
2b5
What is -120101210 (base 3) in base 5?
-324401
10122 (base 6) to base 11
1014
-1010011100011 (base 2) to base 10
-5347
Convert -28043 (base 9) to base 8.
-45061
451152 (base 6) to base 8
111754
Convert c2 (base 14) to base 2.
10101010
-5165 (base 7) to base 4
-130103
What is -4411 (base 8) in base 14?
-bb3
-3214 (base 12) to base 6
-41224
9749 (base 14) to base 12
13159
What is -74 (base 10) in base 5?
-244
What is -6a4 (base 11) in base 9?
-1133
What is 1228 (base 11) in base 12?
b17
What is -aa63 (base 13) in base 10?
-23741
Convert 1355 (base 7) to base 3.
201122
2280 (base 9) to base 3
2022200
Convert 12210 (base 5) to base 2.
1110100010
Convert 372 (base 11) to base 3.
121101
What is -122202 (base 3) in base 9?
-582
Convert 2490 (base 13) to base 2.
1010001000011
Convert 637 (base 10) to base 14.
337
-1011000111100 (base 2) to base 13
-278b
What is 140114 (base 5) in base 14?
20c3
Convert -436 (base 14) to base 16.
-340
32212 (base 4) to base 6
4154
-302010 (base 5) to base 11
-7265
Convert 3704 (base 10) to base 8.
7170
What is 22 (base 15) in base 5?
112
Convert -71 (base 10) to base 11.
-65
What is c83 (base 13) in base 12?
129b
Convert -112412 (base 9) to base 5.
-4124103
Convert 35400 (base 10) to base 16.
8a48
-67 (base 16) to base 10
-103
1010103 (base 4) to base 7
15513
471 (base 15) to base 2
1111101110
What is -152